 by 155.
154
What is the remainder when 68795 is divided by 34396?
3
Calculate the remainder when 147348 is divided by 14.
12
Calculate the remainder when 455 is divided by 81.
50
What is the remainder when 30188 is divided by 1588?
16
Calculate the remainder when 14994 is divided by 789.
3
Calculate the remainder when 15734 is divided by 5214.
92
Calculate the remainder when 239443 is divided by 163.
159
Calculate the remainder when 17466 is divided by 134.
46
Calculate the remainder when 4837 is divided by 1200.
37
What is the remainder when 16355 is divided by 47?
46
Calculate the remainder when 4311 is divided by 318.
177
What is the remainder when 22068 is divided by 1101?
48
Calculate the remainder when 4542 is divided by 1793.
956
Calculate the remainder when 3839 is divided by 1762.
315
What is the remainder when 1487 is divided by 32?
15
What is the remainder when 78145 is divided by 26043?
16
What is the remainder when 288 is divided by 85?
33
Calculate the remainder when 1638886 is divided by 11.
7
What is the remainder when 4764 is divided by 2351?
62
What is the remainder when 11512 is divided by 5683?
146
What is the remainder when 29336 is divided by 506?
494
What is the remainder when 36183 is divided by 180?
3
Calculate the remainder when 1164 is divided by 177.
102
What is the remainder when 1536357 is divided by 465?
462
What is the remainder when 13401 is divided by 3164?
745
Calculate the remainder when 2151 is divided by 50.
1
What is the remainder when 175 is divided by 8?
7
Calculate the remainder when 1741 is divided by 1601.
140
Calculate the remainder when 497056 is divided by 111.
109
Calculate the remainder when 65993 is divided by 148.
133
What is the remainder when 1963 is divided by 39?
13
Calculate the remainder when 27511 is divided by 96.
55
Calculate the remainder when 1244 is divided by 611.
22
Calculate the remainder when 69376 is divided by 23124.
4
Calculate the remainder when 19188 is divided by 21.
15
Calculate the remainder when 208299 is divided by 25.
24
Calculate the remainder when 995 is divided by 498.
497
What is the remainder when 19327 is divided by 9661?
5
Calculate the remainder when 1815 is divided by 337.
130
What is the remainder when 622476 is divided by 44?
8
Calculate the remainder when 2046 is divided by 54.
48
What is the remainder when 29185 is divided by 9720?
25
Calculate the remainder when 30229 is divided by 511.
80
What is the remainder when 68693 is divided by 458?
451
Calculate the remainder when 23237 is divided by 14.
11
Calculate the remainder when 15284 is divided by 44.
16
What is the remainder when 37708860 is divided by 2126?
2124
What is the remainder when 31340 is divided by 15589?
162
Calculate the remainder when 29059 is divided by 42.
37
Calculate the remainder when 24606 is divided by 638.
362
What is the remainder when 4571 is divided by 328?
307
Calculate the remainder when 14341 is divided by 2046.
19
What is the remainder when 73036 is divided by 36?
28
What is the remainder when 19396 is divided by 452?
412
What is the remainder when 109239 is divided by 401?
167
What is the remainder when 109953 is divided by 18320?
33
What is the remainder when 1105 is divided by 42?
13
What is the remainder when 14764 is divided by 52?
48
What is the remainder when 7891 is divided by 72?
43
Calculate the remainder when 43 is divided by 17.
9
Calculate the remainder when 72036 is divided by 25.
11
What is the remainder when 5342 is divided by 312?
38
What is the remainder when 60509 is divided by 2020?
1929
Calculate the remainder when 26687 is divided by 13327.
33
What is the remainder when 20749 is divided by 9?
4
What is the remainder when 3947003 is divided by 61?
59
Calculate the remainder when 43904 is divided by 104.
16
What is the remainder when 6067 is divided by 1104?
547
Calculate the remainder when 970 is divided by 326.
318
Calculate the remainder when 151201 is divided by 518.
463
What is the remainder when 32233 is divided by 307?
305
What is the remainder when 15965 is divided by 758?
47
What is the remainder when 935016 is divided by 114?
102
Calculate the remainder when 3159 is divided by 2515.
644
Calculate the remainder when 8280 is divided by 561.
426
What is the remainder when 1068 is divided by 193?
103
What is the remainder when 67385 is divided by 27?
20
Calculate the remainder when 192129 is divided by 24014.
17
Calculate the remainder when 901041 is divided by 143.
141
Calculate the remainder when 5700 is divided by 5428.
272
Calculate the remainder when 13583 is divided by 48.
47
What is the remainder when 42423 is divided by 149?
107
Calculate the remainder when 6628 is divided by 6626.
2
What is the remainder when 246 is divided by 22?
4
What is the remainder when 10869 is divided by 149?
141
Calculate the remainder when 29548 is divided by 115.
108
What is the remainder when 81277 is divided by 8?
5
Calculate the remainder when 47954 is divided by 1776.
2
Calculate the remainder when 7544 is divided by 414.
92
Calculate the remainder when 254353 is divided by 155.
153
Calculate the remainder when 2243 is divided by 45.
38
What is the remainder when 46984 is divided by 154?
14
What is the remainder when 162644 is divided by 41?
38
Calculate the remainder when 28523 is divided by 3564.
11
Calculate the remainder when 21588 is divided by 129.
45
Calculate the remainder when 27646 is divided by 2764.
6
What is the remainder when 3474 is divided by 341?
64
What is the remainder when 19882 is divided by 47?
1
What is the remainder when 2802 is divided by 225?
102
What is the remainder when 2103 is divided by 1?
0
Calculate the remainder when 606 is divided by 365.
241
Calculate the remainder when 128293 is divided by 7.
4
What is the remainder when 48203 is divided by 103?
102
Calculate the remainder when 36422 is divided by 235.
232
What is the remainder when 2399169 is divided by 29?
28
What is the remainder when 4604 is divided by 361?
272
Calculate the remainder when 2916479 is divided by 105.
104
What is the remainder when 3885 is divided by 55?
35
What is the remainder when 47978 is divided by 11992?
10
Calculate the remainder when 1988859 is divided by 1385.
1384
Calculate the remainder when 28498 is divided by 14141.
216
Calculate the remainder when 80889 is divided by 80885.
4
What is the remainder when 3754 is divided by 69?
28
What is the remainder when 1676 is divided by 472?
260
What is the remainder when 93940 is divided by 199?
12
Calculate the remainder when 3718 is divided by 142.
26
What is the remainder when 35528 is divided by 374?
372
Calculate the remainder when 3129 is divided by 637.
581
Calculate the remainder when 1474 is divided by 134.
0
What is the remainder when 1580 is divided by 22?
18
What is the remainder when 16494 is divided by 16491?
3
Calculate the remainder when 93580 is divided by 16.
12
Calculate the remainder when 42308 is divided by 3018.
56
Calculate the remainder when 4022061 is divided by 136.
133
Calculate the remainder when 8792 is divided by 400.
392
Calculate the remainder when 11644 is divided by 254.
214
What is the remainder when 19526 is divided by 70?
66
Calculate the remainder when 2703291 is divided by 27.
24
Calculate the remainder when 806286 is divided by 21218.
2
What is the remainder when 172514 is divided by 50?
14
Calculate the remainder when 759442 is divided by 610.
602
What is the remainder when 64763 is divided by 64725?
38
Calculate the remainder when 1396 is divided by 294.
220
Calculate the remainder when 26497 is divided by 279.
271
What is the remainder when 7321 is divided by 88?
17
What is the remainder when 4651 is divided by 520?
491
What is the remainder when 74759 is divided by 24919?
2
Calculate the remainder when 757 is divided by 127.
122
What is the remainder when 1047 is divided by 186?
117
Calculate the remainder when 2127 is divided by 73.
10
What is the remainder when 17795 is divided by 50?
45
Calculate the remainder when 9798 is divided by 37.
30
What is the remainder when 9705 is divided by 2423?
13
What is the remainder when 6348 is divided by 254?
252
What is the remainder when 73019 is divided by 63?
2
What is the remainder when 4224 is divided by 563?